-1142313 (base 6) to base 10.
-60165
Convert 17c2 (base 14) to base 8.
10276
-2411 (base 7) to base 6
-4042
Convert -4211 (base 7) to base 10.
-1478
Convert 12d (base 14) to base 4.
3231
What is 1012014 (base 5) in base 12?
9679
30210 (base 6) to base 13
1a61
1e5 (base 16) to base 15
225
Convert 8225 (base 11) to base 12.
6399
Convert 4a36 (base 16) to base 14.
6cd0
Convert e00 (base 15) to base 13.
1584
What is -13508 (base 14) in base 3?
-2102100022
Convert 40012 (base 5) to base 16.
9cb
What is -110201 (base 3) in base 7?
-1000
1222 (base 4) to base 10
106
Convert -8510 (base 12) to base 2.
-11100011011100
Convert -6223 (base 11) to base 3.
-102022200
What is -1a08 (base 13) in base 9?
-5307
What is 696 (base 10) in base 2?
1010111000
-21202 (base 3) to base 13
-131
Convert -314 (base 6) to base 14.
-86
-26a (base 13) to base 6
-1550
Convert 1101111100111001 (base 2) to base 9.
86344
-12202 (base 3) to base 11
-131
Convert 32353 (base 6) to base 5.
120321
116b3 (base 13) to base 14
b8bc
Convert 795 (base 10) to base 13.
492
What is 656 (base 14) in base 4?
103210
What is 1305 (base 13) in base 2?
101010010101
223b6 (base 12) to base 7
246435
Convert 10032431 (base 5) to base 4.
103213232
Convert -1125 (base 10) to base 5.
-14000
What is 15b8e (base 15) in base 11?
48746
What is 3883 (base 9) in base 8?
5536
What is 421 (base 15) in base 8?
1643
Convert 534 (base 13) to base 12.
620
Convert 83502 (base 9) to base 16.
d72a
Convert 238 (base 11) to base 6.
1151
Convert -17a40 (base 11) to base 4.
-12021330
1899a (base 11) to base 14
991d
8929 (base 11) to base 16
2df8
What is 100100100000110 (base 2) in base 8?
44406
Convert 3541 (base 7) to base 10.
1303
What is -628 (base 12) in base 16?
-380
What is 42610 (base 8) in base 12?
a374
Convert -528b (base 13) to base 11.
-8659
What is 2484 (base 12) in base 8?
10044
-113032 (base 5) to base 7
-15035
31301 (base 5) to base 8
4034
Convert 6b67 (base 12) to base 10.
12031
661 (base 7) to base 14
1a1
What is -4294 (base 15) in base 8?
-33411
Convert 1001100111 (base 2) to base 11.
50a
What is -101110 (base 3) in base 10?
-282
What is 3a1 (base 11) in base 5?
3344
What is 988 (base 12) in base 3?
1220212
Convert 32627 (base 9) to base 8.
52224
Convert -22132 (base 4) to base 10.
-670
1fc5 (base 16) to base 2
1111111000101
What is 368b (base 14) in base 7?
36534
What is -140 (base 13) in base 10?
-221
Convert 6a02 (base 16) to base 11.
19431
Convert 117c (base 15) to base 14.
14d7
Convert 154 (base 8) to base 12.
90
Convert -309 (base 15) to base 4.
-22230
Convert 50530 (base 6) to base 13.
3069
21300 (base 4) to base 9
763
Convert -5688 (base 12) to base 5.
-301413
-1c278 (base 14) to base 15
-16447
What is 157b7 (base 12) in base 11?
20a29
231 (base 9) to base 10
190
10501 (base 6) to base 14
777
What is -10100 (base 3) in base 2?
-1011010
What is -a41 (base 11) in base 9?
-1644
Convert 2419 (base 13) to base 15.
1797
-4369 (base 10) to base 11
-3312
26 (base 10) to base 12
22
What is -220 (base 5) in base 7?
-114
-20432 (base 5) to base 14
-6d9
Convert 12300 (base 8) to base 16.
14c0
-632 (base 10) to base 9
-772
What is -5534 (base 11) in base 16?
-1c81
-188 (base 9) to base 15
-ab
-10301 (base 7) to base 4
-213311
Convert -31411 (base 9) to base 4.
-11010022
215 (base 9) to base 15
bb
Convert -665 (base 7) to base 9.
-418
-401052 (base 7) to base 4
-100200120
What is -2277 (base 13) in base 14?
-1a90
What is 13020 (base 6) in base 9?
2613
Convert -1101202220 (base 3) to base 4.
-12232101
1388 (base 9) to base 10
1052
What is 11297 (base 10) in base 7?
44636
Convert -247 (base 10) to base 6.
-1051
What is -367 (base 8) in base 10?
-247
Convert -135105 (base 6) to base 8.
-30761
Convert -12221 (base 3) to base 14.
-b6
10011010000 (base 2) to base 5
14412
Convert 130412 (base 7) to base 11.
17214
-6 (base 10) to base 5
-11
What is -20139 (base 10) in base 11?
-14149
Convert 54a (base 15) to base 11.
997
244 (base 10) to base 6
1044
What is 144 (base 6) in base 4?
1000
What is 4357 (base 9) in base 10?
3211
226 (base 16) to base 5
4200
-206 (base 13) to base 10
-344
Convert -131 (base 14) to base 8.
-357
-52344 (base 6) to base 9
-10601
-23c5 (base 13) to base 3
-20221111
2004314 (base 5) to base 8
76132
-92b (base 16) to base 10
-2347
214a0 (base 12) to base 13
16c98
-111021221 (base 3) to base 4
-2113123
Convert 10314 (base 6) to base 10.
1414
-6479 (base 10) to base 12
-38bb
30085 (base 11) to base 12
21580
What is 35315 (base 8) in base 11?
10345
-67 (base 15) to base 6
-241
9a61 (base 11) to base 6
141212
What is 636 (base 11) in base 16?
2fd
Convert 18528 (base 9) to base 12.
7508
What is -15042 (base 6) in base 16?
-962
Convert -3b26 (base 12) to base 13.
-312c
What is -1543 (base 10) in base 15?
-6cd
What is eb2 (base 16) in base 14?
152a
What is 4347 (base 8) in base 16?
8e7
211211200 (base 3) to base 10
16650
Convert 121200 (base 3) to base 11.
37a
What is -14 (base 8) in base 4?
-30
What is -23 (base 7) in base 11?
-16
Convert -1045 (base 13) to base 2.
-100011001110
Convert 1134042 (base 5) to base 14.
79c7
-2111112222 (base 3) to base 8
-140137
-32cb (base 15) to base 11
-80a8
2726 (base 12) to base 6
32450
110120202 (base 3) to base 12
5385
-1122121 (base 3) to base 11
-9a5
ce78 (base 15) to base 3
2020000212
-13108 (base 10) to base 16
-3334
Convert 257 (base 13) to base 4.
12122
Convert 10001 (base 2) to base 7.
23
What is -1aa1 (base 15) in base 12?
-3414
-90 (base 10) to base 5
-330
-122013 (base 9) to base 8
-217651
Convert 404 (base 13) to base 8.
1250
Convert 293 (base 15) to base 4.
21030
-1754 (base 13) to base 6
-23545
What is 318 (base 9) in base 2?
100000100
3223 (base 5) to base 3
121020
What is -2040 (base 9) in base 10?
-1494
What is -1472 (base 12) in base 5?
-34030
What is -2210 (base 13) in base 7?
-16556
Convert -5443 (base 11) to base 7.
-26644
7c (base 13) to base 5
403
What is -19a76 (base 13) in base 6?
-1024013
What is -a3dd (base 14) in base 5?
-1400343
What is 1113a (base 11) in base 13?
7463
Convert 1e1 (base 15) to base 8.
664
What is 5165 (base 10) in base 13?
2474
What is -1130020 (base 4) in base 7?
-23122
200440 (base 5) to base 10
6370
What is 1274a (base 11) in base 8?
43434
Convert -232232 (base 4) to base 9.
-4082
What is -2735 (base 13) in base 16?
-15f5
What is -232 (base 6) in base 13?
-71
-74f (base 16) to base 4
-131033
-562 (base 9) to base 5
-3321
What is 95 (base 13) in base 7?
233
5531 (base 6) to base 10
1279
-1011001111100 (base 2) to base 3
-21220012
484 (base 12) to base 4
22210
Convert 21321232 (base 4) to base 3.
2001122011
-121202 (base 5) to base 12
-2774
Convert abd (base 14) to base 9.
2823
21443 (base 6) to base 8
5643
-5b68 (base 15) to base 14
-7132
Convert 1e95 (base 16) to base 5.
222304
-d73 (base 14) to base 9
-3563
Convert 1100110010 (base 2) to base 15.
398
What is 3390 (base 10) in base 3?
11122120
10782 (base 9) to base 14
28a6
Convert 88 (base 9) to base 5.
310
b30c (base 16) to base 4
23030030
What is 4104 (base 5) in base 11?
441
What is 45b (base 15) in base 3?
1100112
-13252 (base 6) to base 10
-2048
10100001010100 (base 2) to base 13
4912
Convert 12546 (base 10) to base 9.
18180
Convert 44635 (base 10) to base 16.
ae5b
Convert -3107 (base 16) to base 14.
-4807
3754 (base 9) to base 8
5363
What is -6a0 (base 16) in base 8?
-3240
What is 1724 (base 11) in base 7?
6266
-4249 (base 13) to base 9
-13537
-96 (base 16) to base 7
-303
-7a0 (base 13) to base 15
-5c8
What is -65006 (base 10) in base 5?
-4040011
50 (base 13) to base 8
101
What is -680 (base 10) in base 7?
-1661
-4d12 (base 16) to base 8
-46422
56c (base 13) to base 8
1647
Convert -6234 (base 11) to base 15.
-26b0
Convert 210333 (base 4) to base 8.
4477
-211203 (base 4) to base 14
-c39
Convert 10100001111 (base 2) to base 6.
5555
What is -5010 (base 8) in base 7?
-10326
-10000000001 (base 2) to base 14
-533
-202002220 (base 3) to base 9
-22086
-1223 (base 5) to base 15
-c8
32002 (base 5) to base 14
abd
Convert 1224 (base 6) to base 12.
214
Convert -25343 (base 7) to base 12.
-3a5b
52b (base 12) to base 14
3bd
Convert 231202 (base 4) to base 14.
10c2
What is -1104143 (base 5) in base 12?
-b202
-102221 (base 3) to base 4
-11002
Convert 3257 (base 14) to base